{"id":643,"date":"2020-12-10T08:27:08","date_gmt":"2020-12-10T07:27:08","guid":{"rendered":"https:\/\/petcraft.eu\/index.php\/product\/cute-brown-sheep-sleeveless\/"},"modified":"2023-06-02T07:13:11","modified_gmt":"2023-06-02T06:13:11","slug":"cute-brown-sheep-sleeveless","status":"publish","type":"product","link":"https:\/\/petcraft.eu\/index.php\/product\/cute-brown-sheep-sleeveless\/","title":{"rendered":"Katzentreppe und Hundetreppe"},"content":{"rendered":"","protected":false},"excerpt":{"rendered":"<ul class=\"a-unordered-list a-vertical a-spacing-mini\">\n<li><span class=\"a-list-item\">Das Produkt ist aus robustem MDF-Massivholz gefertigt. Das clevere Design der Schrauben macht die Bodenst\u00fctze sehr stark, sodass Sie sich nicht um die Tragf\u00e4higkeit k\u00fcmmern m\u00fcssen.(Geeignet f\u00fcr Haustiere unter 40 kg)<\/span><\/li>\n<li><span class=\"a-list-item\">Unsere Katzentreppe ist nicht nur praktisch, sondern kann aufgrund ihres faltbaren Designs auch platzsparend verstaut werden. Abmessungen: 37 cm x 71 cm x 12 cm im zusammengeklappten Zustand.<\/span><\/li>\n<li><span class=\"a-list-item\">Die Oberseite des Holzbretts ist aus nat\u00fcrlichen Jutefasern gewebt, wodurch die Rutschfestigkeit des Produkts erheblich erh\u00f6ht wird. Um das Brett herum befindet sich ein weicher Pl\u00fcschbezug, der nicht nur ein stilvolles Erscheinungsbild aufweist, sondern auch das Herunterfallen Ihres Haustieres verhindert.<\/span><\/li>\n<li><span class=\"a-list-item\">Helfen Sie Ihrem Haustier, sich in einem Auto, Sofa oder Bett mit unserer Katzentreppe zu entspannen. Ideales Tierzubeh\u00f6r, besonders f\u00fcr alte oder kranke Tiere, da diese H\u00f6henunterschiede oft schwierig sind.<\/span><\/li>\n<li><span class=\"a-list-item\">100% Zufriedenheitsgarantie. Wenn Sie nicht zufrieden sind, k\u00f6nnen Sie uns das Problem mitteilen und wir werden Ihnen eine zufriedenstellende L\u00f6sung anbieten.<\/span><\/li>\n<\/ul>\n","protected":false},"featured_media":1576,"comment_status":"open","ping_status":"closed","template":"","meta":{"_seopress_robots_primary_cat":"none","site-sidebar-layout":"default","site-content-layout":"default","ast-main-header-display":"","ast-hfb-above-header-display":"","ast-hfb-below-header-display":"","ast-hfb-mobile-header-display":"","site-post-title":"","ast-breadcrumbs-content":"","ast-featured-img":"","footer-sml-layout":"","theme-transparent-header-meta":"default","adv-header-id-meta":"","stick-header-meta":"","header-above-stick-meta":"","header-main-stick-meta":"","header-below-stick-meta":""},"product_cat":[37],"product_tag":[30,36,53],"_links":{"self":[{"href":"https:\/\/petcraft.eu\/index.php\/wp-json\/wp\/v2\/product\/643"}],"collection":[{"href":"https:\/\/petcraft.eu\/index.php\/wp-json\/wp\/v2\/product"}],"about":[{"href":"https:\/\/petcraft.eu\/index.php\/wp-json\/wp\/v2\/types\/product"}],"replies":[{"embeddable":true,"href":"https:\/\/petcraft.eu\/index.php\/wp-json\/wp\/v2\/comments?post=643"}],"version-history":[{"count":2,"href":"https:\/\/petcraft.eu\/index.php\/wp-json\/wp\/v2\/product\/643\/revisions"}],"predecessor-version":[{"id":1582,"href":"https:\/\/petcraft.eu\/index.php\/wp-json\/wp\/v2\/product\/643\/revisions\/1582"}],"wp:featuredmedia":[{"embeddable":true,"href":"https:\/\/petcraft.eu\/index.php\/wp-json\/wp\/v2\/media\/1576"}],"wp:attachment":[{"href":"https:\/\/petcraft.eu\/index.php\/wp-json\/wp\/v2\/media?parent=643"}],"wp:term":[{"taxonomy":"product_cat","embeddable":true,"href":"https:\/\/petcraft.eu\/index.php\/wp-json\/wp\/v2\/product_cat?post=643"},{"taxonomy":"product_tag","embeddable":true,"href":"https:\/\/petcraft.eu\/index.php\/wp-json\/wp\/v2\/product_tag?post=643"}],"curies":[{"name":"wp","href":"https:\/\/api.w.org\/{rel}","templated":true}]}}