{"id":615,"date":"2020-12-10T08:03:12","date_gmt":"2020-12-10T07:03:12","guid":{"rendered":"https:\/\/petcraft.eu\/index.php\/product\/white-comfort-maxx\/"},"modified":"2023-03-29T09:15:39","modified_gmt":"2023-03-29T08:15:39","slug":"white-comfort-maxx","status":"publish","type":"product","link":"https:\/\/petcraft.eu\/index.php\/product\/white-comfort-maxx\/","title":{"rendered":"Kratzbaum Parla"},"content":{"rendered":"","protected":false},"excerpt":{"rendered":"<ul class=\"a-unordered-list a-vertical a-spacing-mini\">\n<li><span class=\"a-list-item\">\u2714Kratzbaum ist mit dickem kartonrohr und umh\u00fcllte mit nat\u00fcrlicher faser sisal<\/span><\/li>\n<li><span class=\"a-list-item\">\u2714Basisturm ist mit schwerer spanplatte bedeckt mit weichem pl\u00fcsch, sicher und stabil, vermeiden kippen und wackeln gemacht<\/span><\/li>\n<li><span class=\"a-list-item\">\u2714Pl\u00fcsch-kugel sorgt f\u00fcr zus\u00e4tzliche attraktion katze, design f\u00fcr erwachsene und gro\u00dfkatzen<\/span><\/li>\n<li><span class=\"a-list-item\">\u2714Material: natur sisal, pappe, weicher pl\u00fcsch, spanplatte und schrauben teile<\/span><\/li>\n<li><span class=\"a-list-item\">\u2714Einfach zu montieren und zu demontieren, h\u00f6he: 74cm, basisl\u00e4nge &amp; width 34cm<\/span><\/li>\n<\/ul>\n","protected":false},"featured_media":1591,"comment_status":"open","ping_status":"closed","template":"","meta":{"_seopress_robots_primary_cat":"none","site-sidebar-layout":"default","site-content-layout":"default","ast-main-header-display":"","ast-hfb-above-header-display":"","ast-hfb-below-header-display":"","ast-hfb-mobile-header-display":"","site-post-title":"","ast-breadcrumbs-content":"","ast-featured-img":"","footer-sml-layout":"","theme-transparent-header-meta":"default","adv-header-id-meta":"","stick-header-meta":"","header-above-stick-meta":"","header-main-stick-meta":"","header-below-stick-meta":""},"product_cat":[37],"product_tag":[31,33,36],"_links":{"self":[{"href":"https:\/\/petcraft.eu\/index.php\/wp-json\/wp\/v2\/product\/615"}],"collection":[{"href":"https:\/\/petcraft.eu\/index.php\/wp-json\/wp\/v2\/product"}],"about":[{"href":"https:\/\/petcraft.eu\/index.php\/wp-json\/wp\/v2\/types\/product"}],"replies":[{"embeddable":true,"href":"https:\/\/petcraft.eu\/index.php\/wp-json\/wp\/v2\/comments?post=615"}],"version-history":[{"count":2,"href":"https:\/\/petcraft.eu\/index.php\/wp-json\/wp\/v2\/product\/615\/revisions"}],"predecessor-version":[{"id":1592,"href":"https:\/\/petcraft.eu\/index.php\/wp-json\/wp\/v2\/product\/615\/revisions\/1592"}],"wp:featuredmedia":[{"embeddable":true,"href":"https:\/\/petcraft.eu\/index.php\/wp-json\/wp\/v2\/media\/1591"}],"wp:attachment":[{"href":"https:\/\/petcraft.eu\/index.php\/wp-json\/wp\/v2\/media?parent=615"}],"wp:term":[{"taxonomy":"product_cat","embeddable":true,"href":"https:\/\/petcraft.eu\/index.php\/wp-json\/wp\/v2\/product_cat?post=615"},{"taxonomy":"product_tag","embeddable":true,"href":"https:\/\/petcraft.eu\/index.php\/wp-json\/wp\/v2\/product_tag?post=615"}],"curies":[{"name":"wp","href":"https:\/\/api.w.org\/{rel}","templated":true}]}}